{"id":1781,"date":"2025-02-19T08:24:36","date_gmt":"2025-02-19T08:24:36","guid":{"rendered":"https:\/\/aparat.rs\/?post_type=product&#038;p=1781"},"modified":"2025-07-08T10:10:52","modified_gmt":"2025-07-08T10:10:52","slug":"iweld-maska-fantolight-sa-svetlom","status":"publish","type":"product","link":"https:\/\/aparat.rs\/index.php\/product\/iweld-maska-fantolight-sa-svetlom\/","title":{"rendered":"Iweld maska fantolight sa svetlom"},"content":{"rendered":"<pre class=\"tw-data-text tw-text-small tw-ta\" data-placeholder=\"\" id=\"tw-target-rmn\" dir=\"ltr\"><span class=\"Y2IQFc\">LED radno svetlo unutra\r\nDodatna veli\u010dina povr\u0161ine za gledanje (108k74 mm)\r\n4 infracrvena senzora\r\nPreporu\u010duje se za MIG, MMA, TIG zavarivanje\r\nPode\u0161avanja parametara iznutra ili spolja\r\nLCD funkcija samotestiranja\r\nInterni digitalni interfejs\r\nKlasifikacija 1\/1\/1\/2\r\nSvetla nijansa DIN 4\r\nTamna nijansa DIN 3\/4-8\/9-13\r\nVreme prebacivanja 0,1 ms\r\nNapajanje: Solarna c\u0301elija + Li-ion<\/span><\/pre>\n","protected":false},"excerpt":{"rendered":"<p>LED radno svetlo unutra Dodatna veli\u010dina povr\u0161ine za gledanje (108k74 mm) 4 infracrvena senzora Preporu\u010duje se za MIG, MMA, TIG zavarivanje Pode\u0161avanja parametara iznutra ili spolja LCD funkcija samotestiranja Interni digitalni interfejs Klasifikacija 1\/1\/1\/2 Svetla nijansa DIN 4 Tamna nijansa DIN 3\/4-8\/9-13 Vreme prebacivanja 0,1 ms Napajanje: Solarna c\u0301elija + [&hellip;]<\/p>\n","protected":false},"featured_media":2299,"comment_status":"open","ping_status":"closed","template":"","meta":{"_themeisle_gutenberg_block_has_review":false},"product_brand":[],"product_cat":[156,118],"product_tag":[],"class_list":{"0":"post-1781","1":"product","2":"type-product","3":"status-publish","4":"has-post-thumbnail","6":"product_cat-maska-4-senzora","7":"product_cat-maske-za-varenje","9":"first","10":"instock","11":"shipping-taxable","12":"purchasable","13":"product-type-simple"},"jetpack_sharing_enabled":true,"_links":{"self":[{"href":"https:\/\/aparat.rs\/index.php\/wp-json\/wp\/v2\/product\/1781","targetHints":{"allow":["GET"]}}],"collection":[{"href":"https:\/\/aparat.rs\/index.php\/wp-json\/wp\/v2\/product"}],"about":[{"href":"https:\/\/aparat.rs\/index.php\/wp-json\/wp\/v2\/types\/product"}],"replies":[{"embeddable":true,"href":"https:\/\/aparat.rs\/index.php\/wp-json\/wp\/v2\/comments?post=1781"}],"wp:featuredmedia":[{"embeddable":true,"href":"https:\/\/aparat.rs\/index.php\/wp-json\/wp\/v2\/media\/2299"}],"wp:attachment":[{"href":"https:\/\/aparat.rs\/index.php\/wp-json\/wp\/v2\/media?parent=1781"}],"wp:term":[{"taxonomy":"product_brand","embeddable":true,"href":"https:\/\/aparat.rs\/index.php\/wp-json\/wp\/v2\/product_brand?post=1781"},{"taxonomy":"product_cat","embeddable":true,"href":"https:\/\/aparat.rs\/index.php\/wp-json\/wp\/v2\/product_cat?post=1781"},{"taxonomy":"product_tag","embeddable":true,"href":"https:\/\/aparat.rs\/index.php\/wp-json\/wp\/v2\/product_tag?post=1781"}],"curies":[{"name":"wp","href":"https:\/\/api.w.org\/{rel}","templated":true}]}}