{"id":2718,"date":"2025-12-22T12:43:36","date_gmt":"2025-12-22T12:43:36","guid":{"rendered":"https:\/\/aparat.rs\/?post_type=product&#038;p=2718"},"modified":"2026-03-10T08:41:25","modified_gmt":"2026-03-10T08:41:25","slug":"cyclone-262","status":"publish","type":"product","link":"https:\/\/aparat.rs\/index.php\/product\/cyclone-262\/","title":{"rendered":"Cyclone 262"},"content":{"rendered":"<p>Oprema koja dolazi uz aparat:<\/p>\n<ul>\n<li>kabli za masu 3m<\/li>\n<li>kabli za elektrodu 3m<\/li>\n<li>polikabal za mig MB36 3m<\/li>\n<li>gorionik za DC lif tig WP17<\/li>\n<li>set za tig gorionik<\/li>\n<li>to\u010dki\u0107i za obi\u010dnu \u017eicu i punjenu \u017eicu<\/li>\n<li>manometar ve\u0107i<\/li>\n<li>crevo za gas<\/li>\n<\/ul>\n<p>Tehni\u010dke karakteristike:<\/p>\n<p>Napon napajanja 220V 50\/60HZ<\/p>\n<p>Intermitenca 100% na 195A, 60% na 250A, 50% na 275A<\/p>\n<p>Napon otvorenog kola 70V<\/p>\n<p>Te\u017eina 30kg<\/p>\n","protected":false},"excerpt":{"rendered":"<p>Cena sa pdv-om<\/p>\n<p><strong>Garancija 5 godina\u00a0<\/strong><\/p>\n<p>Kompaktan i moc\u0301an, Ciklon pru\u017ea precizne MIG i REL performanse koje zahtevaju moderne industrijske radionice za proizvodnju i zavarivanje. Me\u0111utim, zbog svoje veli\u010dine i dizajna, savr\u0161eno se uklapa u skoro svaku gara\u017eu ili radionicu, malu ili veliku. Ure\u0111aj se odlikuje performansama sledec\u0301eg nivoa sa lako \u010ditljivim 4,3-in\u010dnim TFT LCD ekranom u boji koji sadr\u017ei svetle, velike i lako \u010ditljive numeri\u010dke o\u010ditavanja za izlaz. Ure\u0111aj ima duga\u010dak spisak naprednih funkcija koje uklju\u010duju automatsku kontrolu rada, podesive po\u010detne i krajnje brzine dodavanja \u017eice za popunjavanje kratera i lako pokretanje, nagib brzine dodavanja \u017eice za rad sa 2T i 4T funkcijama, podesivu induktivnost, tajmere za ta\u010dkasto i \u0161avno zavarivanje, kao i kontrolu protoka gasa pre i posle zavarivanja. Ove karakteristike ga \u010dine jednim od najnaprednijih modela u klasi 250A+. Ne zaboravite da je ure\u0111aj i MIG i aparat za zavarivanje elektrodom. Kao aparat za zavarivanje elektrodom, ure\u0111aj blista i mo\u017ee da rukuje vec\u0301inom bilo koje klase \u0161tapova za zavarivanje, uklju\u010dujuc\u0301i \u0161tapove sa fluksom na bazi celuloze kao \u0161to je E6010. Funkcije \u0161tapa ure\u0111aja uklju\u010duju kontrolu sile luka, vruc\u0301i start i trajanje vruc\u0301eg starta kako bi korisnik mogao da prilagodi kako ure\u0111aj radi sa svakim \u0161tapom i polo\u017eajem. A kada je potrebno, ure\u0111aj dobro funkcioni\u0161e sa opcionim Parker DSP 360 Spool Gun ili Parker SGP 360A Push. Pulp pi\u0161tolj. Ure\u0111aj ima vodec\u0301i radni ciklus od 50% u industriji na 275A, tako da mo\u017eete ostati fokusirani na zadatku bez dugih zastoja zbog hla\u0111enja.<\/p>\n","protected":false},"featured_media":3019,"comment_status":"open","ping_status":"closed","template":"","meta":{"_themeisle_gutenberg_block_has_review":false},"product_brand":[],"product_cat":[169],"product_tag":[],"class_list":{"0":"post-2718","1":"product","2":"type-product","3":"status-publish","4":"has-post-thumbnail","6":"product_cat-everlast-mig-zavarivanje","8":"first","9":"instock","10":"shipping-taxable","11":"purchasable","12":"product-type-simple"},"jetpack_sharing_enabled":true,"_links":{"self":[{"href":"https:\/\/aparat.rs\/index.php\/wp-json\/wp\/v2\/product\/2718","targetHints":{"allow":["GET"]}}],"collection":[{"href":"https:\/\/aparat.rs\/index.php\/wp-json\/wp\/v2\/product"}],"about":[{"href":"https:\/\/aparat.rs\/index.php\/wp-json\/wp\/v2\/types\/product"}],"replies":[{"embeddable":true,"href":"https:\/\/aparat.rs\/index.php\/wp-json\/wp\/v2\/comments?post=2718"}],"wp:featuredmedia":[{"embeddable":true,"href":"https:\/\/aparat.rs\/index.php\/wp-json\/wp\/v2\/media\/3019"}],"wp:attachment":[{"href":"https:\/\/aparat.rs\/index.php\/wp-json\/wp\/v2\/media?parent=2718"}],"wp:term":[{"taxonomy":"product_brand","embeddable":true,"href":"https:\/\/aparat.rs\/index.php\/wp-json\/wp\/v2\/product_brand?post=2718"},{"taxonomy":"product_cat","embeddable":true,"href":"https:\/\/aparat.rs\/index.php\/wp-json\/wp\/v2\/product_cat?post=2718"},{"taxonomy":"product_tag","embeddable":true,"href":"https:\/\/aparat.rs\/index.php\/wp-json\/wp\/v2\/product_tag?post=2718"}],"curies":[{"name":"wp","href":"https:\/\/api.w.org\/{rel}","templated":true}]}}